 45 and w.
15
Suppose 2*v + 31 = 129. Suppose 27 = 2*z + 3*w, -3*z + w - 4*w = -33. Let c(s) = 2*s - 5. Let x be c(z). What is the greatest common divisor of v and x?
7
Let n = 191 + -115. What is the highest common divisor of n and 19?
19
Let y(b) = 3*b**2 + 2*b - 1. Let i be y(1). Suppose 379 = i*p + 27. What is the highest common factor of p and 11?
11
Suppose 11*i - 5*i = 810. What is the highest common divisor of 15 and i?
15
Let p be (-132)/(-15)*(-25)/(-10). Suppose -2*f + 12 = -10. What is the highest common factor of p and f?
11
Let s = -36 - -52. Calculate the greatest common factor of 112 and s.
16
Let l(i) = 23*i**3 + i**2 - 1. Let a be l(1). Let s = a - 15. Calculate the greatest common factor of 64 and s.
8
Let a = 29 + -51. Let i be (-21 - 0)/((-6)/28). Let k = i - a. Calculate the greatest common divisor of 48 and k.
24
Let n(z) be the third derivative of -7*z**6/120 - z**5/30 + z**4/24 - z**3/6 - 3*z**2. Let g be n(-2). What is the highest common factor of 15 and g?
15
Suppose 5*c + 93 - 25 = m, 3*m + 4*c - 128 = 0. Let t = m - 23. Calculate the greatest common factor of 10 and t.
5
Suppose -n + 136 = 16. What is the greatest common divisor of n and 48?
24
Let t be (-14)/4*10/(-14)*4. What is the greatest common factor of t and 1?
1
Let a be 1 - (-71 - 1 - 2). Suppose -264 = -3*u + 186. Suppose 2*f = 7*f - u. Calculate the highest common factor of a and f.
15
Suppose 0 = 4*n + n - 450. Let p = 1 - -9. Calculate the highest common factor of p and n.
10
Let g = 11 + 11. Calculate the greatest common factor of 33 and g.
11
Let p(k) = 4*k**2 + 2*k - 5. Let o be p(-5). Suppose 4*h = -4, -4*c - 5*h = -2*h - 65. Calculate the greatest common factor of c and o.
17
Suppose h - 7 = 3*c, -5*c = -5*h + 11 + 4. Let m be -2*(-1 + -1)*h. What is the highest common factor of m and 32?
4
Let d = 37 + -53. Let y = -1 - d. Calculate the greatest common factor of y and 3.
3
Let c(q) = 0 - 2 - 10*q - 4. Let d be c(-9). What is the highest common divisor of 12 and d?
12
Suppose -k - 2*k + 14 = -o, -3*o = -4*k + 12. Let l = 13 - 7. Calculate the highest common divisor of l and k.
6
Let i(v) = -73*v**3 - 2*v**2 + 1. Let w be i(-1). Let m = -65 - -43. Let x = m - -40. What is the highest common divisor of w and x?
18
Let j = -5 + 8. Suppose -j*l + 4 = g - 27, 2*g + 4*l = 60. Suppose 3 - g = -5*z. Calculate the highest common factor of 40 and z.
5
Let x = -7 - -9. Suppose x*n = -5*d + 34, 3*d - 2*d = -5*n + 62. What is the greatest common divisor of 108 and n?
12
Let n(f) = -3*f + 2. Suppose -3*o + 3*y = 0, 0 = -5*o - 4*y - 25 + 7. Let k be n(o). Suppose 4*r - 7 = -3. What is the highest common factor of r and k?
1
Let p be (90/7)/((-3)/(-21)). Suppose -m + p = 2. Let u(a) = 9*a**2 - 1. Let t be u(-1). What is the highest common divisor of m and t?
8
Let f(m) = -2*m**3 + 14*m**2 + 17*m - 4. Let a be f(8). What is the greatest common factor of 52 and a?
4
Let a be 8/(-4) + 2 + 9. Suppose a - 16 = -r. Calculate the greatest common divisor of r and 63.
7
Let w(g) = 5*g**2 - 5*g - 3. Let t be w(6). What is the highest common divisor of t and 21?
21
Suppose 15*x - 18*x - 3 = 0. Let o(f) = -f + 3. Let i be o(0). Let d be x + 63/i + 0. What is the highest common factor of 50 and d?
10
Let w(l) = -2*l + 1. Let d be w(-3). Suppose -3*u = n + 1, -n - 3*u + d = n. Calculate the greatest common divisor of 56 and n.
8
Let k = -45 + 95. What is the highest common divisor of 10 and k?
10
Let j(o) = o**2 + 6*o + 2. Let d = 0 - 6. Let w be j(d). Suppose 0 = 3*v - r - 23, -6*r + r + 4 = w*v. Calculate the highest common factor of 21 and v.
7
Suppose 0 = -4*o - 14 + 170. What is the greatest common factor of 13 and o?
13
Let o = 48 + -21. Suppose v - 35 - 40 = 0. Suppose -110 = -5*w + 4*r, -2*w - 3*r + v = 3*w. What is the highest common divisor of o and w?
9
Suppose l + w = 17, -3*l + 22 = -3*w - 5. What is the greatest common factor of 117 and l?
13
Let z = -14 - 8. Suppose 4*c + 16 + 40 = 0. Let j = c - z. Calculate the highest common factor of j and 20.
4
Let s = 1 - 5. Let r = s - -8. Let n be 1/r - 46/(-8). Calculate the highest common divisor of n and 6.
6
Let p = -1 - 0. Let z = p - -4. Let j be 1 - (0 + 6/(-3)). What is the greatest common factor of j and z?
3
Let t(j) = j**3 + 6*j**2 + 3*j. Let f be t(-5). Calculate the greatest common factor of f and 70.
10
Suppose 0 = -7*m + 4*m + 63. What is the highest common divisor of 3 and m?
3
Suppose -360 = -14*y + 10*y. What is the greatest common divisor of y and 10?
10
Let d(t) = -t**3 - 7*t**2 - 4*t. Let c be d(-10). What is the greatest common factor of 34 and c?
34
Suppose -n - 4*n = -75. Suppose -v - 3*k - n = -3*v, -3*k + 3 = 0. What is the greatest common factor of v and 99?
9
Suppose -w - h = -87, 4*w + h - 351 = -2*h. Let i = 7 - -7. Let q = -4 + i. Calculate the greatest common divisor of w and q.
10
Suppose 52 = -4*c + 84. Suppose -56 = 4*k - 4*j, -12 = -k + 2*j - 30. Let i = k - -18. Calculate the highest common divisor of i and c.
8
Let t(c) = c**2 - c**3 + 3*c**2 + 2*c**2 - 5. Let b be t(5). Let f(d) = 8*d**2 + d - 1. Let w be f(1). Calculate the highest common divisor of b and w.
4
Let m = 15 - 10. Suppose 8 = -f + m*f. What is the greatest common divisor of f and 8?
2
Suppose 0 = 3*t + 5*q - 2*q, -5*q = 3*t + 8. Suppose 4*j + 5*a = 396, t*j - a - a - 396 = 0. Calculate the greatest common divisor of 11 and j.
11
Let o(r) = r - 1. Let m be o(6). Suppose 0 = 3*j - m - 13. Calculate the greatest common factor of j and 6.
6
Suppose 5*r + 13 - 68 = 0. Calculate the highest common factor of 33 and r.
11
Let u = -6 - 5. Let x = u - -7. Let s = x - -5. What is the highest common divisor of s and 3?
1
Let m(h) = 2*h**2 - 4*h + 4. Let c be ((-1)/(-3))/((-2)/(-36)). Let f be m(c). Calculate the greatest common divisor of f and 130.
26
Let w = 30 - 20. What is the highest common factor of w and 80?
10
Let u be (1 + 34)/((-2)/(-4)). Suppose 2*t + 4*h - 28 = 0, -5*h + 3*h = -4. What is the highest common factor of u and t?
10
Let d be 22/4 - (-12)/(-8). Let w(l) = -l**3 - 4*l**2 + l + 5. Let i be w(-4). Calculate the highest common divisor of i and d.
1
Let y = 17 - -13. What is the highest common factor of 12 and y?
6
Suppose -6 = 2*c - 4*c. Let i be 3/((-2)/88*-4). What is the highest common factor of i and c?
3
Let k(b) = -6*b + 3. Let z be k(3). Let j be (-156)/(-15) + 6/z. Let g be (15/(-3))/(2/(-16)). What is the greatest common factor of g and j?
10
Let i = -27 + 46. Calculate the greatest common divisor of 19 and i.
19
Suppose -8*y = -912 + 184. What is the greatest common divisor of 13 and y?
13
Suppose -3*g + 4*d + 428 = g, 0 = -5*d + 15. Let j = g - 19. Calculate the greatest common factor of 13 and j.
13
Let b be 1614/18 + (-2)/(2*-3). What is the greatest common divisor of 135 and b?
45
Let b(a) = -a + 12. Let x be b(10). Calculate the highest common factor of 1 and x.
1
Let q(i) = i**2 - 8. Let l be q(-4). Let t = 21 - l. What is the highest common factor of t and 91?
13
Let i be 0 - 3/9*3. Let q be (5 - i)/(4 - 3). Calculate the greatest common factor of 24 and q.
6
Suppose -9*o - 1 + 19 = 0. Let p = -41 - -87. Suppose 2*g + 14 = p. What is the greatest common divisor of o and g?
2
Suppose 6*p - 21 = 21. What is the highest common divisor of 7 and p?
7
Suppose -i + 4*m = -2*i + 3, 2*m + 6 = 2*i. Suppose -3*y + 4*a + 32 = 0, 2*a + 35 = i*y + 7. Calculate the highest common factor of y and 32.
8
Let h(l) = -l**2 + 7*l - 9. Let f be h(6). Let v be (-165)/(-25) - 2/(-5). Let o = f + v. Calculate the highest common divisor of o and 8.
4
Suppose -2*w - 3 + 5 = 0. What is the highest common factor of w and 7?
1
Let c(g) = 9*g**2 + 15*g**3 - 7*g**3 + 6 - 9*g**3. Let r(m) = m**3 - m**2 + 2*m. Let p be r(2). Let y be c(p). What is the highest common divisor of y and 28?
14
Let s(b) = 10*b + 5. Let h be s(4). Let a(u) = -6*u - 6. Let j be a(-4). What is the greatest common factor of h and j?
9
Let p(c) = -c**3 - 5*c**2 - 8*c - 14. Let u be p(-8). Calculate the greatest common factor of u and 22.
22
Suppose -m - 36 = -7*m. What is the highest common divisor of m and 78?
6
Suppose 5*x = -5*q + 115, -x = -q - 6*x + 11. What is the highest common factor of q and 65?
13
Suppose 7 = 3*k + h + 1, k - 13 = -4*h. W